pose -4*n + 28 = -0*n. Let s(w) = 7*w - 34. Let f be s(7). Let h(z) = f*z - 31*z - z**2 + 24*z - 5. Calculate h(n).
2
Let q(n) = -n + 2 + n**3 - 1 + 3*n**2 + 0*n**3. Let m(w) = w + 26. Let i be m(-9). Suppose 0 = -4*d + 5 - i. Determine q(d).
4
Let f = -42 - -42. Let a(v) = -6 - 2 + f + 1 + 4*v. Calculate a(5).
13
Let z(y) = -5 + 5*y + 11 + 4*y + y**2 + 4. Let l be z(-8). Suppose 9*p - l = 7*p. Let j(g) = g**3 - g**2 - g + 1. Determine j(p).
0
Let t(n) be the second derivative of 1/12*n**4 + 0 + 3/2*n**2 - 1/2*n**3 - 9*n - 1/60*n**5. Let x(g) be the first derivative of t(g). Give x(5).
-18
Let m(j) = -j + 7. Let w(q) = -q**3 + 31*q**2 + 34*q - 59. Let u be w(32). Calculate m(u).
2
Let d(s) = -151*s**3 - 10*s**2 + 12*s + 10. Let v(m) = -15*m**3 - m**2 + m + 1. Let w(p) = -d(p) + 10*v(p). Let i = -4 - -6. Calculate w(i).
4
Suppose -3*w = f + f - 94, 5*f = -2*w + 213. Let i = f + -37. Let h(g) = g - 3*g**3 - 2*g + 4*g**3 - 4*g**2. What is h(i)?
-4
Let h(d) = -d**3 + d**2 + 6*d + 1. Suppose -5*s = x + 19, 65*x - 62*x - 15 = 3*s. Determine h(s).
57
Let y(g) = 8*g - 3*g - 3*g**2 + g**2 - g**3 - 2*g**2 + 4. Let x be y(-5). Suppose -2*w + 2 = -x. Let d(b) = b**2 - 2*b - 1. Calculate d(w).
2
Let y(k) be the first derivative of -k**4/4 + k**2/2 + 41*k - 50. Determine y(0).
41
Let o(b) be the first derivative of b**2/2 + 2*b + 8. Let t = -13 + 17. What is o(t)?
6
Let b(i) = 3*i**2 + 14*i**2 - 2*i**2 - 22*i**3 + 26*i + 0*i**2 + 23*i**3 - 3. What is b(-13)?
-3
Let o be 309/9 + 4/(-12). Let z(a) = -a**2 + 2*a**2 - 36 + o. Determine z(0).
-2
Let u(l) = 2*l + 237*l**2 - 485*l**2 + 3 + 244*l**2 - l + 5*l. Determine u(4).
-37
Let s be 510/(-50)*5*(1 - 0). Let k = 49 + s. Let j(q) = 2*q**3 + 4*q**2 + q - 2. What is j(k)?
-4
Let i(f) = -13*f**3 - 12*f**2 - 12*f - 9. Let c(q) = 2*q**3 + q**2 + q + 1. Let m(z) = -6*c(z) - i(z). Determine m(-5).
-2
Let i(x) = -x + 1. Let o(g) = 7*g - 13. Let s(n) = 6*i(n) + o(n). Let y(a) = 4. Let p(q) = 3*s(q) + 5*y(q). Determine p(-2).
-7
Let m(i) = 4*i**3 + 2*i**2 + i - 1. Let h be (-17 - -18)/((-2)/4). What is m(h)?
-27
Let o(m) be the second derivative of m**4/12 - 7*m**3/6 - m**2/2 + 83*m. Calculate o(8).
7
Let i(r) = r**2 - 2*r + 1. Let g(u) = -u. Let t(h) = -2*g(h) + i(h). Determine t(2).
5
Let i(u) = u**2 - 4*u + 7. Suppose -5*g - 461 = 4*o, -3*o = -5*g - 4*o - 449. Let c = g + 92. Determine i(c).
4
Let r(z) = z**2 - 6*z - 6. Suppose 2*q = 3*q - 6. Let y be ((-4)/(-5))/(q/90). Let n = 18 - y. What is r(n)?
-6
Let u(n) = -2*n - 2. Let s(m) = -m**3 + 7*m**2 - 8*m + 4. Let p be s(5). Let j = p + -16. What is u(j)?
2
Let l(t) = -t**2 - 1. Let q(g) = -g**3 - 14*g**2 - 40*g + 5. Let x be q(-4). Give l(x).
-26
Let u be (-5 - -3)/(1/(-2)). Suppose 2*z + 3 = c, z = -0*z + u*c - 5. Let a(f) = -f**2 + f + 1. Give a(z).
-1
Let k = 4120 - 4121. Let v(t) = -3*t**3 - 2*t**2 + t - 4. Let i(r) = 9*r**3 + 5*r**2 - 3*r + 11. Let p(d) = 4*i(d) + 11*v(d). Give p(k).
-4
Let n(f) = 7*f - 8. Let w(y) = 2*y - 2. Let k(z) = -n(z) + 5*w(z). Let s(m) = -m + 2. Let o be s(0). Determine k(o).
4
Let x(i) = -31*i + 2. Let o(j) = 156*j - 11. Let l(b) = 2*o(b) + 11*x(b). Let q(t) = 203*t. Let m(f) = 29*l(f) + 4*q(f). Give m(1).
-29
Let l(o) = 13 + 2*o + 3*o**2 - 36 + 8 + 10. Determine l(-3).
16
Let t(c) = c**2 + 7*c - 10. Suppose -47 + 96 = -7*v. Calculate t(v).
-10
Let f be 4 - (0 - 2 - -4). Suppose 0 = -3*l - f*l - 95. Let y = 21 + l. Let c(k) = -k**3 + k**2 + k - 2. Calculate c(y).
-4
Let t(o) = -o**2 - 2*o + 1. Let q(a) = 38*a**2 + 13*a - 4. Let m(w) = -q(w) - 5*t(w). Determine m(-1).
-31
Let a(b) = b + 4. Let c be (-18)/(-20) + 10 + (-1386)/140. Give a(c).
5
Let w(f) = -f**2 - 9*f - 8. Let x(m) = 5*m**2 - 2 - 4*m**2 + m**2. Let b be x(-2). Let j be 32/b*(-6)/4. Give w(j).
0
Let a(k) = k**2 + 8*k - 4. Let p be (23 - 2) + (4 + -2)/(-2). Suppose -5*g = p, -3*g = -m - 2*g - 4. Give a(m).
-4
Let t(f) = -f**3 + 4*f**2 + 3*f + 6. Suppose 7*n - 2*n - 2*r - 22 = 0, 15 = 3*n - 3*r. Suppose 0 = n*w + 5*z - 40, -2*z - 12 = -5*z. What is t(w)?
-4
Let g be ((-3)/(-4))/(30/200). Suppose -2*d + 0*d - 14 = g*v, -3 = -d. Let j(w) be the first derivative of w**2 + 3*w - 1. Determine j(v).
-5
Suppose 0 = 213*m - 210*m - 6. Let z(a) be the second derivative of 0 - 8*a + 3/2*a**m + 1/3*a**3 - 1/3*a**4 - 1/20*a**5. What is z(-4)?
-5
Suppose -3*m + 5*h = 30, m - 2*h + 7 + 4 = 0. Let t(z) be the first derivative of 2*z - 10 + 1/2*z**2 - 5/3*z**3 - 1/4*z**4. Calculate t(m).
-3
Let w(v) = -14*v + 36*v - 6*v + 12*v**2 - 15*v + 0*v**3 - v**3. Give w(12).
12
Let f(y) = y**3 + y**2 - 3*y - 4. Suppose 4*i - 4 = -16. Determine f(i).
-13
Suppose -2*s + b - 38 = 0, -2*s + 3*s = -b - 16. Suppose -5*w + 8*z - 6*z + 100 = 0, 34 = 3*w + 4*z. Let l = s + w. Let p(q) = -q - 4. What is p(l)?
-4
Let v(u) = -8*u**2 - u - 5. Let l(g) = g**2 - g. Let p(a) = -6*l(a) - v(a). Let k be 1*(1 + -8) - (35 - (-1862)/(-49)). Determine p(k).
9
Let p(l) = l**3 + 10*l**2 - 15*l + 8. Let g(j) = -4*j**2 - 10*j + 25. Let v be g(2). Give p(v).
52
Let j(v) = -v**2 - 8*v - 2. Let r = 7 + 13. Let s = r + -8. Suppose 5*g + 4*m + s = m, g = 3*m - 6. What is j(g)?
13
Suppose 4*n + 6 = 2. Let o be (-2 - -5) + (-1 - n). Let g(v) = -5*v + 2*v**2 - v**3 - 46 + 2*v**2 + 42 + 2*v. Calculate g(o).
-4
Let h be (2 - 5)*-2 + -8. Let g(f) = -2*f**2 - 3*f - 2. Calculate g(h).
-4
Let m be (7/14)/(((-9)/2)/(-9)). Let q(r) = 18*r + 1. What is q(m)?
19
Let l(m) = 4*m + 1 - 4 + 6. Let g(d) = -7*d - 5. Let k(c) = 3*g(c) + 5*l(c). What is k(-6)?
6
Let n(p) = -p + 1. Suppose 0*d + d - 2*c = 15, -4*c = 20. Let o(f) = -2*f + 2. Let z(v) = d*o(v) - 12*n(v). What is z(4)?
6
Let m(r) = -2*r - 4*r**2 - 7 + 3*r**2 + 2*r**2 + 17 - 24. Determine m(4).
-6
Let n(f) = f**3 - 3*f**2 + 4*f - 3. Suppose 8 = 4*a + s + 3*s, -a + 12 = -4*s. What is n(a)?
29
Let j(l) = -l**2 + 6*l - 5. Suppose 2*z = -2*p + 10, -7*p + 8*p - 5*z = -1. Determine j(p).
3
Let k(x) be the first derivative of -x**4/4 - 4*x**3/3 + 3*x**2/2 - 12*x + 242. Give k(-5).
-2
Let o(r) = r**2 - 4*r + 1. Suppose -5*x - 12 = -7*x. Suppose -x*v - 1 = -37. Determine o(v).
13
Let i(c) = -4*c + 2. Let t(q) = 8*q - 4. Let z(u) = -u**3 - u**2 + 3*u + 4. Let h be z(-2). Let v(g) = h*t(g) + 5*i(g). What is v(-2)?
10
Let b(o) be the second derivative of -o**3/6 - o**2 - 148*o. Give b(-2).
0
Let b be ((-148)/111)/((-2)/12*-2). Let y(a) be the third derivative of -a**6/120 - a**5/15 - a**4/24 - 5*a**3/6 + a**2. Determine y(b).
-1
Suppose -4*n = -5*d + 304, -5*n = -2*d - n + 124. Let a = -54 + d. Let z(o) = o**2 - 6*o - 6. Calculate z(a).
-6
Suppose -113*n = -105*n - 16. Let m(b) be the first derivative of -1/2*b**n - b + 3. Calculate m(-6).
5
Let u(a) = -2*a**3 - 8*a**2 - a + 1. Suppose 0*w + 2*w = 2*y - 18, -5*y + 25 = 0. Let c be u(w). Let o(t) = t + 0*t - 3 - 2*t. Calculate o(c).
-8
Let j(d) = 7*d + 1. Let i(k) = 61*k + 8. Let q(v) = -6*i(v) + 51*j(v). What is q(3)?
-24
Let y(x) = 4*x + 13*x - 21*x**3 - 14 - 8*x**3 - 2*x**2 - x**2. Let d(q) = -10*q**3 - q**2 + 6*q - 5. Let m(b) = 17*d(b) - 6*y(b). Calculate m(1).
4
Let d = 10 - 18. Let o = d - -13. Let u(r) = -2*r + o*r + 2*r - 4*r. Give u(6).
6
Suppose -5*g - 10 = 0, 0 = -k - 14*g + 13*g. Let c(u) = u - 1. What is c(k)?
1
Let y(h) be the third derivative of -h**6/720 - 13*h**4/12 + 37*h**2. Let w(z) be the second derivative of y(z). Determine w(-6).
6
Let i(p) be the second derivative of -5*p**3/3 + 19*p**2/2 - p. Let z(y) = 7*y - 13. Let w(k) = 5*i(k) + 7*z(k). Give w(6).
-2
Let w(q) = q + 2. Let v = 10 + -10. Suppose 2*h - 1 - 25 = v. Let f = -18 + h. What is w(f)?
-3
Let t(i) = -5*i**3 - 5*i**2 + i - 6. Let x(f) = -9*f**3 - 10*f**2 + 2*f - 12. Let o(d) = 7*t(d) - 4*x(d). Let q be (5 + -1)*130/(-104). What is o(q)?
11
Suppose 0*l - 7 = -w + 4*l, 0 = -2*w + 4*l + 2. Suppose 0 = 5*d - 0*d. Let z(a) = a + 7 + a + d*a. Determine z(w).
-3
Let l(s) = -5*s**2 + s - 2. Let r(k) = 16*k**2 - 7*k + 6. Let q(d) = 3*l(d) + r(d). Let f be (16/(-10))/(6/(-15)). Determine q(f).
0
Let v = 501 + -518. Let i(s) = -s**2 - 16*s + 20. What is i(v)?
3
Let v(s) = -1. Let y(j) = -4*j + 1. Let b(r) = r - 1. Let h(g) = -3*b(g) + y(g). Let z(u) = -h(u) - 5*v(u). What is z(1)?
8
Suppose 3*g - 111 + 3 = 0. Let r = 14 + 21. Let p = r - g. Let y(w) = -10*w**3 + w**2 - w - 1